[INFO] fetching crate ruuid 0.1.6...
[INFO] checking ruuid-0.1.6 against master#e6e4f7ed1589e03bc2f6c5931c1a72e7947e8682 for beta-170-4
[INFO] extracting crate ruuid 0.1.6 into /workspace/builds/worker-7-tc2/source
[INFO] validating manifest of crates.io crate ruuid 0.1.6 on toolchain e6e4f7ed1589e03bc2f6c5931c1a72e7947e8682
[INFO] running `Command { std: CARGO_HOME="/workspace/cargo-home" RUSTUP_HOME="/workspace/rustup-home" "/workspace/cargo-home/bin/cargo" "+e6e4f7ed1589e03bc2f6c5931c1a72e7947e8682" "metadata" "--manifest-path" "Cargo.toml" "--no-deps", kill_on_drop: false }`
[INFO] removed /workspace/builds/worker-7-tc2/source/.cargo/config.toml
[INFO] started tweaking crates.io crate ruuid 0.1.6
[INFO] finished tweaking crates.io crate ruuid 0.1.6
[INFO] tweaked toml for crates.io crate ruuid 0.1.6 written to /workspace/builds/worker-7-tc2/source/Cargo.toml
[INFO] crate crates.io crate ruuid 0.1.6 already has a lockfile, it will not be regenerated
[INFO] running `Command { std: CARGO_HOME="/workspace/cargo-home" RUSTUP_HOME="/workspace/rustup-home" "/workspace/cargo-home/bin/cargo" "+e6e4f7ed1589e03bc2f6c5931c1a72e7947e8682" "fetch" "--manifest-path" "Cargo.toml", kill_on_drop: false }`
[INFO] running `Command { std: "docker" "create" "-v" "/var/lib/crater-agent-workspace/builds/worker-7-tc2/target:/opt/rustwide/target:rw,Z" "-v" "/var/lib/crater-agent-workspace/builds/worker-7-tc2/source:/opt/rustwide/workdir:ro,Z" "-v" "/var/lib/crater-agent-workspace/cargo-home:/opt/rustwide/cargo-home:ro,Z" "-v" "/var/lib/crater-agent-workspace/rustup-home:/opt/rustwide/rustup-home:ro,Z" "-e" "SOURCE_DIR=/opt/rustwide/workdir" "-e" "CARGO_TARGET_DIR=/opt/rustwide/target" "-e" "CARGO_HOME=/opt/rustwide/cargo-home" "-e" "RUSTUP_HOME=/opt/rustwide/rustup-home" "-w" "/opt/rustwide/workdir" "-m" "1610612736" "--user" "0:0" "--network" "none" "ghcr.io/rust-lang/crates-build-env/linux@sha256:19e73879b68f455e41552ea35293514db52ea292d993f571636dbffedb77a1ee" "/opt/rustwide/cargo-home/bin/cargo" "+e6e4f7ed1589e03bc2f6c5931c1a72e7947e8682" "metadata" "--no-deps" "--format-version=1", kill_on_drop: false }`
[INFO] [stdout] bf9474fb1f4bf7977be8a84de9dcac4dc5088f89af62554384ba70f0e34606aa
[INFO] running `Command { std: "docker" "start" "-a" "bf9474fb1f4bf7977be8a84de9dcac4dc5088f89af62554384ba70f0e34606aa", kill_on_drop: false }`
[INFO] running `Command { std: "docker" "inspect" "bf9474fb1f4bf7977be8a84de9dcac4dc5088f89af62554384ba70f0e34606aa", kill_on_drop: false }`
[INFO] running `Command { std: "docker" "rm" "-f" "bf9474fb1f4bf7977be8a84de9dcac4dc5088f89af62554384ba70f0e34606aa", kill_on_drop: false }`
[INFO] [stdout] bf9474fb1f4bf7977be8a84de9dcac4dc5088f89af62554384ba70f0e34606aa
[INFO] running `Command { std: "docker" "create" "-v" "/var/lib/crater-agent-workspace/builds/worker-7-tc2/target:/opt/rustwide/target:rw,Z" "-v" "/var/lib/crater-agent-workspace/builds/worker-7-tc2/source:/opt/rustwide/workdir:ro,Z" "-v" "/var/lib/crater-agent-workspace/cargo-home:/opt/rustwide/cargo-home:ro,Z" "-v" "/var/lib/crater-agent-workspace/rustup-home:/opt/rustwide/rustup-home:ro,Z" "-e" "SOURCE_DIR=/opt/rustwide/workdir" "-e" "CARGO_TARGET_DIR=/opt/rustwide/target" "-e" "CARGO_INCREMENTAL=0" "-e" "RUST_BACKTRACE=full" "-e" "RUSTFLAGS=--cap-lints=forbid" "-e" "RUSTDOCFLAGS=--cap-lints=forbid" "-e" "CARGO_HOME=/opt/rustwide/cargo-home" "-e" "RUSTUP_HOME=/opt/rustwide/rustup-home" "-w" "/opt/rustwide/workdir" "-m" "1610612736" "--user" "0:0" "--network" "none" "ghcr.io/rust-lang/crates-build-env/linux@sha256:19e73879b68f455e41552ea35293514db52ea292d993f571636dbffedb77a1ee" "/opt/rustwide/cargo-home/bin/cargo" "+e6e4f7ed1589e03bc2f6c5931c1a72e7947e8682" "check" "--frozen" "--all" "--all-targets" "--message-format=json", kill_on_drop: false }`
[INFO] [stdout] 63e13e95d1f63a1b4ddca21a2ad0055b7ef29036cbe85634413eee18fcfd7c2a
[INFO] running `Command { std: "docker" "start" "-a" "63e13e95d1f63a1b4ddca21a2ad0055b7ef29036cbe85634413eee18fcfd7c2a", kill_on_drop: false }`
[INFO] [stderr]    Compiling libc v0.2.139
[INFO] [stderr]    Compiling typenum v1.16.0
[INFO] [stderr]    Compiling proc-macro2 v1.0.51
[INFO] [stderr]    Compiling quote v1.0.23
[INFO] [stderr]    Compiling unicode-ident v1.0.6
[INFO] [stderr]    Compiling io-lifetimes v1.0.5
[INFO] [stderr]    Compiling rustix v0.36.8
[INFO] [stderr]     Checking linux-raw-sys v0.1.4
[INFO] [stderr]    Compiling atomic v0.5.1
[INFO] [stderr]     Checking os_str_bytes v6.4.1
[INFO] [stderr]    Compiling anyhow v1.0.69
[INFO] [stderr]    Compiling heck v0.4.1
[INFO] [stderr]     Checking sha1_smol v1.0.0
[INFO] [stderr]    Compiling ruuid v0.1.6 (/opt/rustwide/workdir)
[INFO] [stderr]     Checking clap_lex v0.3.2
[INFO] [stderr]    Compiling syn v1.0.109
[INFO] [stderr]    Compiling proc-macro-error-attr v1.0.4
[INFO] [stderr]     Checking generic-array v0.14.6
[INFO] [stderr]     Checking getrandom v0.2.8
[INFO] [stderr]     Checking rand_core v0.6.4
[INFO] [stderr]     Checking block-buffer v0.10.3
[INFO] [stderr]     Checking crypto-common v0.1.6
[INFO] [stderr]     Checking rand_chacha v0.3.1
[INFO] [stderr]     Checking digest v0.10.6
[INFO] [stderr]     Checking md-5 v0.10.5
[INFO] [stderr]     Checking rand v0.8.5
[INFO] [stderr]     Checking is-terminal v0.4.4
[INFO] [stderr]     Checking uuid v1.3.0
[INFO] [stderr]    Compiling proc-macro-error v1.0.4
[INFO] [stderr]    Compiling clap_derive v4.1.8
[INFO] [stderr]     Checking clap v4.1.8
[INFO] [stdout] error[E0599]: no function or associated item named `now_v6` found for struct `Uuid` in the current scope
[INFO] [stdout]   --> src/uuid.rs:70:30
[INFO] [stdout]    |
[INFO] [stdout] 70 |             let uuid = Uuid::now_v6(&numbers);
[INFO] [stdout]    |                              ^^^^^^
[INFO] [stdout]    |                              |
[INFO] [stdout]    |                              function or associated item not found in `Uuid`
[INFO] [stdout]    |                              help: there is an associated function with a similar name: `now_v1`
[INFO] [stdout] 
[INFO] [stdout] 
[INFO] [stdout] error[E0599]: no function or associated item named `now_v6` found for struct `Uuid` in the current scope
[INFO] [stdout]   --> src/uuid.rs:70:30
[INFO] [stdout]    |
[INFO] [stdout] 70 |             let uuid = Uuid::now_v6(&numbers);
[INFO] [stdout]    |                              ^^^^^^
[INFO] [stdout]    |                              |
[INFO] [stdout]    |                              function or associated item not found in `Uuid`
[INFO] [stdout]    |                              help: there is an associated function with a similar name: `now_v1`
[INFO] [stdout] 
[INFO] [stdout] 
[INFO] [stdout] error[E0599]: no function or associated item named `now_v7` found for struct `Uuid` in the current scope
[INFO] [stdout]   --> src/uuid.rs:80:30
[INFO] [stdout]    |
[INFO] [stdout] 80 |             let uuid = Uuid::now_v7();
[INFO] [stdout]    |                              ^^^^^^
[INFO] [stdout]    |                              |
[INFO] [stdout]    |                              function or associated item not found in `Uuid`
[INFO] [stdout]    |                              help: there is an associated function with a similar name: `now_v1`
[INFO] [stdout] 
[INFO] [stdout] 
[INFO] [stdout] error[E0599]: no function or associated item named `now_v7` found for struct `Uuid` in the current scope
[INFO] [stdout]   --> src/uuid.rs:80:30
[INFO] [stdout]    |
[INFO] [stdout] 80 |             let uuid = Uuid::now_v7();
[INFO] [stdout]    |                              ^^^^^^
[INFO] [stdout]    |                              |
[INFO] [stdout]    |                              function or associated item not found in `Uuid`
[INFO] [stdout]    |                              help: there is an associated function with a similar name: `now_v1`
[INFO] [stdout] 
[INFO] [stdout] 
[INFO] [stdout] error[E0599]: no function or associated item named `new_v8` found for struct `Uuid` in the current scope
[INFO] [stdout]   --> src/uuid.rs:91:30
[INFO] [stdout]    |
[INFO] [stdout] 91 |             let uuid = Uuid::new_v8(numbers);
[INFO] [stdout]    |                              ^^^^^^
[INFO] [stdout]    |                              |
[INFO] [stdout]    |                              function or associated item not found in `Uuid`
[INFO] [stdout]    |                              help: there is an associated function with a similar name: `new_v1`
[INFO] [stdout] 
[INFO] [stdout] 
[INFO] [stdout] error[E0599]: no function or associated item named `new_v8` found for struct `Uuid` in the current scope
[INFO] [stdout]   --> src/uuid.rs:91:30
[INFO] [stdout]    |
[INFO] [stdout] 91 |             let uuid = Uuid::new_v8(numbers);
[INFO] [stdout]    |                              ^^^^^^
[INFO] [stdout]    |                              |
[INFO] [stdout]    |                              function or associated item not found in `Uuid`
[INFO] [stdout]    |                              help: there is an associated function with a similar name: `new_v1`
[INFO] [stdout] 
[INFO] [stdout] 
[INFO] [stdout] error: aborting due to 3 previous errors
[INFO] [stdout] 
[INFO] [stdout] 
[INFO] [stdout] For more information about this error, try `rustc --explain E0599`.
[INFO] [stdout] 
[INFO] [stdout] error: aborting due to 3 previous errors
[INFO] [stdout] 
[INFO] [stdout] 
[INFO] [stdout] For more information about this error, try `rustc --explain E0599`.
[INFO] [stdout] 
[INFO] [stderr] error: could not compile `ruuid` (bin "ruuid" test) due to 4 previous errors
[INFO] [stderr] warning: build failed, waiting for other jobs to finish...
[INFO] [stderr] error: could not compile `ruuid` (bin "ruuid") due to 4 previous errors
[INFO] running `Command { std: "docker" "inspect" "63e13e95d1f63a1b4ddca21a2ad0055b7ef29036cbe85634413eee18fcfd7c2a", kill_on_drop: false }`
[INFO] running `Command { std: "docker" "rm" "-f" "63e13e95d1f63a1b4ddca21a2ad0055b7ef29036cbe85634413eee18fcfd7c2a", kill_on_drop: false }`
[INFO] [stdout] 63e13e95d1f63a1b4ddca21a2ad0055b7ef29036cbe85634413eee18fcfd7c2a
